at is the greatest common divisor of 177 and l?
177
Suppose 5*o + 4*i - 5*i = 1195, 5*o = -i + 1195. Suppose -o = -5*b - g, -g = 3*b + g - 142. Calculate the greatest common divisor of b and 112.
16
Let p(h) = 160*h**3 - 4*h**2 + 11*h - 8. Let d be p(1). Calculate the greatest common factor of 10176 and d.
159
Suppose -12610 = -4*v + 24550. Calculate the highest common factor of v and 10.
10
Let r(t) = 4*t + 67. Let k(h) = 4*h - 1. Let c(b) = -6*k(b) + 3*r(b). Let s be c(0). Calculate the greatest common divisor of 18 and s.
9
Suppose -3*m + i = -4*i - 101, -2*m = 2*i - 62. Let r = -201 - -335. Let h = -118 + r. What is the greatest common divisor of h and m?
16
Suppose 33*x - 28*x - 16676 = -j, -4*x = -2*j + 33478. Calculate the highest common factor of 46 and j.
23
Suppose -105*a + 78600 = -75*a. What is the highest common divisor of 60 and a?
20
Suppose -3*h - 572 = 4*p - 2*p, 0 = 3*h + 5*p + 575. Let r = 200 + h. What is the highest common factor of 300 and r?
10
Suppose -91 = -3*g - h, -14*g + 151 = -9*g + h. Suppose 0 = -4*i - g + 122. Calculate the highest common factor of i and 184.
23
Suppose -20*f + 12 = -17*f. Let m(p) = -2*p**3 + 8*p**2 + p + 1. Let l be m(f). Suppose 0 = 3*k - 2*k - 25. What is the highest common factor of k and l?
5
Let s(f) = 334*f**2 + 56*f - 266. Let w be s(5). Calculate the highest common divisor of 204 and w.
204
Suppose -t + 5*s - 223 = 0, -4*s - 817 = 5*t + 298. Let n = t + 376. Calculate the highest common divisor of 34 and n.
17
Let y(x) = 5*x - 51 - 4*x - 3*x + 28. Let f be y(-11). Let h be (f + 4 - -4) + 1*3. Calculate the greatest common divisor of h and 25.
5
Suppose -36*j + 39*j = 0. Suppose 4*z - n + 44 - 313 = j, -3*z - 5*n = -219. What is the greatest common factor of 85 and z?
17
Let o be 33/(-2)*(-14 - 0). Calculate the highest common divisor of 777 and o.
21
Let y be ((-48)/14 - (-104)/(-182)) + 53. Suppose y*x - 54*x + 70 = 0. Calculate the highest common divisor of 70 and x.
14
Let n = -18 - -38. Let p = n + -11. Suppose 31 = 3*c - 2*a, 2*a = 5*c - 39 - 10. Calculate the greatest common factor of c and p.
9
Let n be 2/2*(5 + -3 - 25). Let c(i) = -5*i - 31. Let f be c(n). What is the greatest common factor of 21 and f?
21
Suppose -2*s + 71 = l, -6*l + 3*l - 3*s = -204. Calculate the greatest common factor of 39 and l.
13
Let i(j) = j**2 + j + 5. Let y be i(0). Let b(t) = 10*t - 85. Let d be b(9). Let x be ((-5)/y + -4)*(-36)/d. What is the highest common divisor of 4 and x?
4
Suppose 2*v = 3*q - 2*q - 72, -2*q + 142 = -5*v. Suppose -4*g - q = -6*g. Suppose -81*n - 91*n = -191*n + 361. Calculate the highest common factor of n and g.
19
Suppose -31*y = -2082 - 88. What is the highest common divisor of y and 4235?
35
Suppose 11*b - 2*b - 131 = 598. Calculate the highest common factor of 2259 and b.
9
Let m be 4/(12/(-2418)*-26). Suppose -r - 98 = 28. Let q = 343 + r. Calculate the highest common factor of m and q.
31
Let k = -64 - -85. Suppose 3*q = -3*q + 36. Let d be ((-14)/q)/(1/(-3)). Calculate the highest common factor of k and d.
7
Suppose -2*h + 12*l - 9*l + 38 = 0, -4*h = 13*l - 114. Suppose -2*y + 42 = y. Calculate the greatest common factor of y and h.
2
Let w(h) = h**2 + 4*h - 149. Let j be w(22). Suppose 0 = 3*v - 2*v - 3*k - 18, -v + 2*k = -18. Calculate the greatest common factor of j and v.
9
Let v = -20 - -41. Suppose 0 = 3*s + v - 216. Suppose -8 = -2*f + 5*c, -7 = 5*f - 3*c - s. Calculate the highest common factor of f and 154.
14
Suppose q - 5*h - 17 = 0, 2*q - 7 = 9*h - 8*h. Calculate the greatest common factor of q and 338.
2
Let x(f) = 10*f**2 - 15*f - 23. Let d be x(5). Suppose -4*b + 4*c = -d, 2*b + 0*b = -c + 88. Calculate the highest common factor of 273 and b.
21
Let f(b) = 669*b + 67. Let h be f(6). What is the greatest common factor of 231 and h?
77
Suppose 22 = 26*f - 4. Let g be (-1)/f + 29*2. Calculate the greatest common factor of g and 551.
19
Let y be (-5)/(45/6) + (-6970)/(-15). Let j be 8/(-24) + y/6. Calculate the greatest common factor of 33 and j.
11
Suppose -23*h + 1922 = -1413. Let u = -142 + h. Suppose x = -z - 1 - 3, 4*x - z = 9. What is the highest common divisor of u and x?
1
Suppose -11*t + 794 + 6290 = 0. Let n(x) = -4*x + 2. Let l be n(5). Let m be (-40)/(-180) - t/l. What is the highest common divisor of 54 and m?
18
Let z = -29164 + 43815. What is the greatest common factor of z and 98?
49
Suppose 3*o - 2 = -4*f, 2*o + 8 = 3*f + o. Let m be f/(-2) - (-3 - 0). Suppose 0*k - 5*b - 16 = k, -k - m*b = 1. What is the greatest common factor of 63 and k?
9
Let d(v) = v**3 + 4*v - 4. Let i be d(3). Let t(j) = -3*j**2 - 40*j + 1073. Let p be t(-16). What is the greatest common divisor of p and i?
35
Suppose -1360 + 200 = -5*k. Suppose -322 = 4*h - j, 3*h + j + 3*j = -k. Let w = h + 112. What is the greatest common divisor of 4 and w?
4
Let h be 4 + 40/12*21. Suppose -375*c = -378*c + 555. What is the greatest common divisor of c and h?
37
Let c = 11 - 7. Suppose a + c*a = 180. Let o(j) = 437*j + 3107. Let b be o(-7). What is the highest common divisor of b and a?
12
Let j be (279/(-18) - -14)*308/(-6). Let l = 16 + -12. Suppose x + l = 0, -x + 18 = 2*a - 0. What is the highest common divisor of a and j?
11
Let h = 2720 + -2650. Suppose 0 = -3*q - 16*q + 9975. Calculate the highest common divisor of q and h.
35
Suppose -468962 = -81*g + 138538. Calculate the greatest common divisor of 12 and g.
12
Let o = -2743 - -3103. What is the greatest common divisor of o and 1170?
90
Suppose 8*w + 202 = 2*d + 6*w, -4*d - w = -399. Suppose -107*t + d*t + 315 = 0. What is the greatest common divisor of t and 18?
9
Suppose 778*t - 5*r - 1047 = 777*t, 5*t - 3*r - 5147 = 0. What is the highest common divisor of t and 158?
79
Suppose h + 3*j - 105 = 0, j = -4*h + 3*j + 476. Calculate the highest common divisor of h and 63.
9
Let t(f) = 3918*f + 44. Let k be t(0). Calculate the highest common divisor of k and 12353.
11
Let x = 256 - 213. Let o = 44 - x. What is the greatest common divisor of o and 3?
1
Suppose -5*c = o - 377, -6*o + 8*o + 2*c = 770. What is the highest common divisor of 9 and o?
9
Suppose 11*u - 7*u = -121 + 2457. What is the greatest common factor of u and 12?
4
Suppose -4*m - f = -4*f + 14, 0 = 2*m - 5*f. Let v be 301/4 - ((-10)/8)/m. Suppose 3*i - v = -2*i. Calculate the greatest common factor of 15 and i.
15
Let r(h) = 2*h**2 + 21*h + 112. Let k be -4 - 6/((-6)/(-8)*2). Let c be r(k). What is the highest common factor of c and 16?
8
Let j(n) = n**3 + 22*n**2 - 23*n - 10. Let r be j(-22). Let s = 1120 - r. What is the greatest common factor of s and 39?
39
Suppose v - 5*n - 8 = 0, 0 = 2*v - 61*n + 58*n - 65. What is the highest common factor of 44935 and v?
43
Let r be (1440/(-1008))/(8/(-980)). Calculate the highest common factor of 42 and r.
7
Suppose 3446 = 176*y - 13274. Calculate the highest common factor of 85 and y.
5
Suppose -3*s = -11*s + 2880. Calculate the highest common divisor of 126 and s.
18
Let g = -24 - 0. Let n(t) = t**3 + 25*t**2 + 22*t - 49. Let m be n(g). Let i be (-3)/(-9)*(m - -10). What is the greatest common divisor of 3 and i?
3
Let v(k) = -11*k - 42. Let n be v(-12). Let t = n - 69. What is the highest common factor of 7 and t?
7
Suppose -4*t - 7 = -35. Suppose 9*k = t*k. Suppose k = m + 41 - 90. What is the greatest common divisor of m and 441?
49
Let c(a) = -33*a - 1. Let b be c(4). Suppose -67*t + 15254 = 66*t - 5893. Let o = b + t. Calculate the highest common factor of 4 and o.
2
Let r(l) = 5*l + 4. Let q be r(4). Suppose t - 4*t + 2*z = -252, 252 = 3*t - 5*z. Calculate the greatest common divisor of t and q.
12
Let g = -160 - -337. Let o be g/12 + ((-2)/8)/(-1). Let v be 2*(1/(-2) + 4/2). Calculate the greatest common factor of o and v.
3
Suppose -a = l - 431 - 1715, l = 3*a - 6430. Calculate the highest common factor of a and 16.
16
Suppose -4*w + w - 63 = 3*s, -3*w - 21 = s. Let i(h) = 2*h**3 + 39*h**2 - 65*h + 36. Let x be i(s). What is the highest common factor of x and 260?
26
Suppose -y + 26*y + 50 = 0. Suppose 0*t + t - 3*d = -16, 0 = 4*t + 3*d + 34. Let r be y/t - (-479)/5. Calculate the highest common factor of r and 32.
32
Let q = 238 + -178. Let n be (27/(-6) + 0)*6/(-9). Suppose n*k + 0*k = -3*y + 1434, 